Is 608291 composite?
True
Is 68311 a prime number?
True
Is 117389 a prime number?
True
Is 4419997 a composite number?
True
Is 3476273 prime?
False
Is 14724613 a composite number?
False
Is 679717 a composite number?
True
Is 170478979 a composite number?
True
Is 6905471 a composite number?
True
Is 8321902 a prime number?
False
Is 1016263 composite?
False
Is 954518 prime?
False
Is 92854421 a composite number?
True
Is 70913881 a composite number?
False
Is 25025981 a composite number?
False
Is 5871053 a composite number?
True
Is 2097349 a composite number?
False
Is 6745177 prime?
False
Is 3656689 a prime number?
True
Is 14036881 prime?
True
Is 7827823 prime?
True
Is 89077771 composite?
False
Is 1655227 a composite number?
True
Is 3260863 prime?
True
Is 4114307 composite?
False
Is 20812249 composite?
True
Is 4434143 a composite number?
True
Is 33100967 a prime number?
False
Is 79632321 composite?
True
Is 110976577 a prime number?
True
Is 20601781 a composite number?
False
Is 808109 a composite number?
True
Is 17218951 composite?
True
Is 2502521 prime?
False
Is 112132801 a prime number?
False
Is 306845621 a composite number?
False
Is 102804059 a composite number?
False
Is 416761 composite?
False
Is 59953079 a composite number?
True
Is 41293163 composite?
False
Is 96866101 a prime number?
True
Is 26662659 composite?
True
Is 1531207 composite?
True
Is 16707641 prime?
True
Is 1499399 prime?
False
Is 1887409 a prime number?
True
Is 72720519 composite?
True
Is 3632579 a prime number?
True
Is 10373901 composite?
True
Is 15267319 a prime number?
True
Is 333436561 prime?
True
Is 8923063 a composite number?
False
Is 104843 prime?
False
Is 476081 a composite number?
False
Is 595831 prime?
False
Is 484423597 a composite number?
True
Is 50020877 composite?
False
Is 6669769 a composite number?
False
Is 32730239 a prime number?
True
Is 1184059 a prime number?
True
Is 98018149 a composite number?
False
Is 35544143 a composite number?
False
Is 21006209 a composite number?
True
Is 850249 composite?
True
Is 30045779 composite?
False
Is 70083757 prime?
True
Is 293128793 a prime number?
True
Is 1473806 composite?
True
Is 3002723 prime?
True
Is 1283962 a composite number?
True
Is 21646021 a prime number?
True
Is 2922383 a composite number?
False
Is 6337217 a prime number?
True
Is 747260017 composite?
True
Is 10711781 prime?
True
Is 40355381 composite?
True
Is 2691373 a composite number?
False
Is 101459803 a composite number?
False
Is 51749 a composite number?
False
Is 11756257 prime?
True
Is 11530589 a prime number?
False
Is 4537979 prime?
False
Is 5450659 composite?
True
Is 4090507 a composite number?
False
Is 130680901 composite?
True
Is 208615861 composite?
False
Is 2715367 a prime number?
True
Is 6190309 a composite number?
False
Is 28087693 prime?
True
Is 92119919 composite?
False
Is 80556313 a composite number?
False
Is 59580361 a composite number?
False
Is 857401 prime?
False
Is 75913 a composite number?
False
Is 1027487739 a composite number?
True
Is 12798001 prime?
False
Is 11289133 a composite number?
True
Is 1620841 a composite number?
False
Is 43297519 composite?
True
Is 86644711 prime?
True
Is 1685494 composite?
True
Is 16021169 a composite number?
True
Is 5538079 prime?
True
Is 385929281 composite?
True
Is 9847469 composite?
True
Is 1437641 composite?
False
Is 8804423 a composite number?
True
Is 2536286 a prime number?
False
Is 113591 a prime number?
True
Is 35792517 a prime number?
False
Is 5299661 composite?
False
Is 45784463 composite?
False
Is 1682209 a composite number?
True
Is 5041823 a prime number?
True
Is 27121823 a prime number?
False
Is 162820279 composite?
False
Is 18859583 a prime number?
True
Is 2189771 prime?
False
Is 13829 prime?
True
Is 64565911 prime?
False
Is 295875653 composite?
False
Is 314958397 composite?
True
Is 2816623 a composite number?
False
Is 344385219 prime?
False
Is 6114659 a prime number?
False
Is 95617 a prime number?
True
Is 155701831 a composite number?
False
Is 3873797 a composite number?
True
Is 63780037 prime?
False
Is 494449 a prime number?
False
Is 37194643 prime?
True
Is 111970961 a prime number?
False
Is 39415349 a prime number?
True
Is 16545371 a prime number?
False
Is 1008209 prime?
True
Is 194596531 composite?
True
Is 428853671 composite?
False
Is 1202519 a prime number?
False
Is 836267 composite?
False
Is 7197747 a prime number?
False
Is 28199609 composite?
False
Is 18197549 a composite number?
False
Is 272739151 composite?
False
Is 152876899 prime?
False
Is 620667605 composite?
True
Is 1932487 composite?
False
Is 41583521 prime?
False
Is 1105639 composite?
False
Is 68702687 a prime number?
True
Is 4528331 composite?
False
Is 141979043 prime?
True
Is 1398205 composite?
True
Is 1107445 composite?
True
Is 1091309 a prime number?
False
Is 348197194 a composite number?
True
Is 1228273 a prime number?
True
Is 51345443 a composite number?
True
Is 31551041 prime?
False
Is 3385621 prime?
False
Is 65290121 prime?
False
Is 130314619 a composite number?
True
Is 2409781 composite?
True
Is 58757109 a prime number?
False
Is 118739 a composite number?
False
Is 142174787 prime?
True
Is 232253 composite?
True
Is 8306201 a composite number?
False
Is 39763666 a prime number?
False
Is 2571027 a composite number?
True
Is 80759851 a composite number?
False
Is 197713027 prime?
True
Is 112786 prime?
False
Is 154612901 composite?
False
Is 769661 a prime number?
True
Is 226027829 a prime number?
False
Is 57953081 a prime number?
True
Is 299613 composite?
True
Is 380719 composite?
True
Is 1363251 composite?
True
Is 112017847 a composite number?
False
Is 6437309 prime?
False
Is 24391651 prime?
False
Is 145479209 prime?
False
Is 292303 prime?
False
Is 13311853 a prime number?
True
Is 36743249 prime?
True
Is 63093761 a prime number?
False
Is 80840497 a composite number?
True
Is 4377379 a composite number?
False
Is 12403423 a prime number?
True
Is 25436971 composite?
True
Is 30369499 composite?
True
Is 15886979 prime?
False
Is 443843 a prime number?
False
Is 6594431 a prime number?
True
Is 3142901 prime?
True
Is 27863585 a prime number?
False
Is 1566571 composite?
False
Is 47131831 a prime number?
True
Is 972721 prime?
True
Is 8843981 a prime number?
False
Is 4113227 prime?
False
Is 11161159 a prime number?
True
Is 1796161 a composite number?
True
Is 909203 a prime number?
True
Is 55376201 a prime number?
True
Is 5241037 a prime number?
True
Is 119793239 a composite number?
False
Is 4214669 composite?
False
Is 76079 a composite number?
False
Is 2654911 a prime number?
False
Is 7364471 prime?
True
Is 239765177 prime?
False
Is 1354623 a prime number?
False
Is 11413133 a prime number?
False
Is 9936077 a composite number?
True
Is 1477883 composite?
True
Is 496546759 prime?
False
Is 608292697 a composite number?
False
Is 115421 a prime number?
True
Is 17094593 a composite number?
False
Is 973018 prime?
False
Is 1392617 prime?
False
Is 54585383 a composite number?
False
Is 74643526 a composite number?
True
Is 1039237 prime?
False
Is 2173307 a prime number?
True
Is 283004861 prime?
False
Is 1914779 a prime number?
False
Is 132734233 a composite number?
False
Is 796001645 a composite number?
True
Is 25857239 composite?
True
Is 2242111 prime?
True
Is 792122 a composite number?
True
Is 2726123 composite?
True
Is 89728069 a composite number?
False
Is 116090287 a prime number?
True
Is 3597863 prime?
False
Is 164759213 a composite number?
False
Is 2339257 composite?
False
Is 1095139 composite?
True
Is 1427687 a prime number?
True
Is 3821 composite?
False
Is 71607559 composite?
False
Is 44862166 prime?
False
Is 47692769 prime?
False
Is 5639093 a prime number?
False
Is 82967077 composite?
False
Is 9444497 a prime number?
True
Is 10869959 prime?
False
Is 36786461 prime?
False
Is 3894197 a prime number?
True
Is 1260807 a prime number?
False
Is 34464317 composite?
False
Is 866363 a prime number?
False
Is 7953199 a composite number?
True
Is 3184081 a composite number?
True
Is 760063 a prime number?
True
Is 52774707 prime?
False
Is 241870259 composite?
False
Is 335674253 composite?
False
Is 726287 a composite number?
False
Is 2822473 a composite number?
False
Is 2341569 a composite number?
True
Is 2133751 composite?
True
Is 90327 prime?
False
Is 47567467 c